 250?
10
Calculate the greatest common factor of 201 and 5227206.
201
Calculate the highest common factor of 57525 and 1560.
195
What is the greatest common factor of 1295575 and 125?
25
What is the highest common divisor of 57 and 164787?
57
Calculate the greatest common divisor of 6709 and 401.
1
What is the highest common divisor of 228 and 204276?
12
What is the greatest common factor of 83 and 1888914?
83
What is the highest common factor of 1222 and 15918994?
1222
Calculate the greatest common divisor of 150 and 120252.
6
Calculate the highest common factor of 90587 and 161.
7
What is the greatest common factor of 6148 and 1682?
58
What is the highest common factor of 68325 and 8400?
75
What is the highest common divisor of 4 and 31916?
4
Calculate the highest common factor of 303545 and 33.
11
What is the greatest common divisor of 1352117 and 247?
13
What is the highest common divisor of 1727 and 33?
11
What is the greatest common factor of 1068 and 21468?
12
What is the highest common factor of 503260 and 140?
20
What is the greatest common divisor of 19830 and 240?
30
Calculate the greatest common factor of 128 and 112088.
8
Calculate the highest common factor of 1033331 and 1574.
787
What is the highest common factor of 61928 and 8?
8
Calculate the highest common divisor of 1560 and 105950.
130
Calculate the highest common factor of 104 and 291512.
104
Calculate the greatest common divisor of 1610 and 16870.
70
What is the greatest common factor of 999 and 819?
9
What is the highest common divisor of 2346 and 456297?
1173
Calculate the greatest common divisor of 2844 and 498174.
474
Calculate the highest common divisor of 719520 and 64.
32
What is the greatest common divisor of 168 and 134841?
21
What is the greatest common factor of 4841 and 5969?
47
What is the highest common divisor of 3336 and 21?
3
What is the highest common divisor of 5421 and 47121?
417
What is the highest common divisor of 976 and 11104?
16
What is the greatest common divisor of 10 and 1882365?
5
What is the greatest common factor of 320 and 100?
20
Calculate the highest common divisor of 53136 and 2484.
108
Calculate the greatest common factor of 2340 and 516204.
468
Calculate the greatest common factor of 8036 and 896.
28
Calculate the highest common factor of 24252 and 903.
129
Calculate the greatest common divisor of 1905 and 690245.
635
What is the highest common divisor of 4625 and 125500?
125
Calculate the greatest common divisor of 1781864 and 47.
47
What is the highest common factor of 1536 and 345792?
192
Calculate the highest common factor of 291088 and 230.
46
Calculate the highest common divisor of 232656 and 524.
524
What is the highest common factor of 13 and 23247?
1
Calculate the greatest common divisor of 23834 and 170.
34
Calculate the greatest common divisor of 4492 and 6.
2
Calculate the highest common factor of 50 and 14225.
25
Calculate the greatest common factor of 1224 and 60282.
306
Calculate the highest common factor of 47850 and 75.
75
Calculate the greatest common divisor of 356000 and 2500.
500
What is the highest common divisor of 38164 and 16037?
203
What is the greatest common factor of 4248850 and 50?
50
Calculate the highest common factor of 7672 and 4110.
274
Calculate the highest common factor of 256444 and 1647.
61
Calculate the highest common divisor of 2812068 and 28.
28
What is the greatest common factor of 7128 and 352?
88
What is the greatest common factor of 23161 and 29279?
437
Calculate the highest common divisor of 135 and 9279.
9
Calculate the highest common factor of 190 and 68890.
10
What is the highest common factor of 68 and 2303228?
68
What is the greatest common factor of 384508 and 4850?
194
Calculate the greatest common factor of 33116 and 1700.
68
Calculate the highest common factor of 52 and 303693.
13
What is the highest common factor of 140 and 1154762?
14
What is the highest common factor of 171 and 5769?
9
Calculate the highest common divisor of 310 and 4010.
10
Calculate the greatest common divisor of 120 and 465330.
30
What is the greatest common divisor of 3576 and 254343?
447
What is the greatest common factor of 279 and 8556?
93
Calculate the highest common factor of 573 and 1384177.
191
Calculate the greatest common divisor of 40891 and 3811.
103
Calculate the greatest common factor of 895192 and 22648.
1192
Calculate the greatest common factor of 11542 and 319.
29
Calculate the greatest common divisor of 9 and 6746.
1
What is the highest common divisor of 135 and 84105?
135
Calculate the greatest common factor of 159 and 1184868.
159
Calculate the highest common divisor of 4 and 1203040.
4
Calculate the greatest common divisor of 3411847 and 2315.
463
What is the greatest common divisor of 1416 and 116938?
118
What is the greatest common divisor of 13699 and 665?
133
What is the greatest common divisor of 336 and 68628?
84
What is the greatest common divisor of 6 and 53466?
6
Calculate the greatest common divisor of 104052 and 132.
12
Calculate the highest common divisor of 301 and 6579.
43
Calculate the highest common factor of 325669 and 34.
17
Calculate the greatest common divisor of 1478186 and 354.
118
Calculate the highest common divisor of 43439 and 242.
121
What is the highest common factor of 833 and 1598?
17
What is the highest common divisor of 2568 and 78816?
24
Calculate the greatest common factor of 1216 and 964592.
304
Calculate the greatest common divisor of 7021 and 19635.
119
Calculate the highest common divisor of 119116 and 388.
388
What is the highest common divisor of 46 and 1823509?
23
What is the greatest common factor of 1867743 and 5004?
1251
Calculate the greatest common divisor of 8103 and 237.
3
What is the greatest common factor of 531 and 6282?
9
What is the greatest common factor of 211294 and 58?
58
What is the greatest common factor of 21 and 23583?
21
What is the highest common divisor of 3023636 and 308?
308
Calculate the greatest common divisor of 509683 and 849.
283
Calculate the highest common factor of 154071 and 551.
19
What is the greatest common factor of 6097 and 455?
91
What is the greatest common factor of 231 and 106953?
231
What is the highest common divisor of 613325 and 25?
25
What is the highest common factor of 972 and 1751436?
108
What is the highest common divisor of 77938 and 6118?
266
What is the highest common divisor of 26187 and 84?
21
Calculate the highest common divisor of 1856 and 13712.
16
What is the greatest common divisor of 205162 and 38?
38
What is the greatest common factor of 56 and 283724?
28
What is the greatest common factor of 1963 and 42431?
151
Calculate the highest common factor of 63858 and 174.
174
Calculate the highest common factor of 4667663 and 33.
11
Calculate the greatest common factor of 9 and 18714.
3
Calculate the greatest common factor of 22 and 237479.
11
Calculate the greatest common factor of 132 and 14412.
12
What is the greatest common divisor of 162 and 7253712?
162
What is the greatest common factor of 1 and 1060981?
1
Calculate the highest common factor of 229752 and 456.
24
Calculate the highest common factor of 462 and 144858.
42
Calculate the greatest common divisor of 1572 and 12.
12
Calculate the greatest common divisor of 5046 and 435.
87
What is the greatest common factor of 1961 and 18315?
37
What is the highest common factor of 180401 and 26?
13
Calculate the highest common divisor of 405 and 4635.
45
What is the highest common divisor of 6812 and 19388?
524
Calculate the greatest common divisor of 216 and 220734.
18
Calculate the highest common factor of 67 and 203479.
67
What is the greatest common factor of 108241 and 98?
49
What is the greatest common factor of 441 and 15729?
147
Calculate the greatest common factor of 210941 and 71.
71
Calculate the greatest common divisor of 43 and 94428.
43
What is the highest common divisor of 65975 and 3185?
455
Calculate the highest common factor of 598 and 186668.
46
Calculate the highest common factor of 52800 and 1164.
12
Calculate the greatest common divisor of 1670 and 2338.
334
What is the highest common factor of 39 and 363259?
13
What is the highest common factor of 767 and 1391?
13
What is the greatest common divisor of 146787 an